*a = -k - 4. Suppose 10192 = 5*d + b - 10536, a*b = -3*d + 12441. Is d prime?
False
Suppose -27*j + 123512 - 16602 + 396613 = 0. Is j a composite number?
True
Let v = -18 + 17. Let n be (36/(-48))/(v/(-324)). Let s = 84 - n. Is s prime?
False
Let i(p) = 28*p**2 + 5*p - 2. Let c be i(1). Let z(n) = 437*n - 256. Is z(c) a prime number?
True
Suppose -42*l - 418 = -1132. Suppose -2*z + f + 3083 = 0, 2*f = 23 - l. Is z a prime number?
True
Suppose -7 = -l + q, -2*l = -6*l - 3*q + 35. Is 787*((-12)/l)/(18/(-12)) a prime number?
True
Let y be (-79 - 93)/(2 - (-147)/(-73)). Let l = -7973 + y. Is l prime?
True
Let x be (39/6 + 0)/((-3)/6). Let y(a) = -7*a - a**3 + a**2 + 22 - a + a. Is y(x) a composite number?
True
Let t be (10/30)/((-1)/(-36)). Is ((-31362)/8)/(t/(-16)) a prime number?
True
Let z = 28065 + 979853. Is z a prime number?
False
Let q(z) be the second derivative of 7*z**6/720 - 41*z**5/120 + 2*z**4 - 23*z. Let b(o) be the third derivative of q(o). Is b(14) composite?
True
Suppose -685622 + 184094 = -185*z + 161*z. Is z a composite number?
False
Let z = -108 - -606. Let n(b) = b**2 - 6*b + 15. Let y be n(-22). Suppose 4*u - 6*u + y = 5*c, -5*u = 4*c - z. Is c a composite number?
False
Let l be 10/20 + 61*(-2)/4. Is 368852/12 + 20/l a composite number?
True
Let j(a) = 3*a - 25. Let o be j(6). Let f(u) = 9*u - 9. Let q be f(o). Let p = q - -365. Is p a composite number?
False
Suppose -13*b + 23*b - 77152037 = -31*b. Is b prime?
True
Suppose 2*a + 9*f = 4*f + 10368, -3*f - 15594 = -3*a. Suppose 16*d = 69414 + a. Is d prime?
True
Suppose 74*b - 102*b = -385028. Is b prime?
True
Let o(i) = 146*i - 61. Let a(y) = -149*y + 60. Let g(h) = 4*a(h) + 5*o(h). Is g(12) a prime number?
True
Let z(o) = o**3 + o**2 - 9*o - 7. Let f be z(-11). Is 101/(-505) + 44*f/(-10) prime?
True
Let g(x) = x**2 - 23 - 2*x**3 - 6*x**3 - 2*x - 5*x. Let r be (3 + 9)*((-20)/(-310) + 70/(-124)). Is g(r) a composite number?
False
Suppose -a + 246 = 2*a - 3*w, 5*a = 2*w + 413. Let o = a + -81. Suppose -2*p + o*x = -122, -4*x = -5*p - 0*p + 302. Is p a prime number?
False
Let j = 1 - -1. Suppose -1412 = j*c - 4*q, -5*c - 5*q - 3544 = -q. Let k = 443 - c. Is k composite?
False
Suppose -8*d = 121 - 145. Is d + -8 + -4 - -11798 a composite number?
False
Let y = -1 + 1. Let r = -465 + 469. Suppose -5*l + 2*s + 3*s + 5505 = y, -r*l + 4398 = -s. Is l a composite number?
True
Suppose 36193 + 5243 = 3*r. Let z(m) = -46*m + 4. Let i be z(0). Suppose -k = -4*k, -i*k - r = -4*t. Is t prime?
False
Let f = -28 - -148. Let o = f + -228. Is (o/(-90))/(2/205) composite?
True
Let c(y) = 43 - 148 - 1349*y + 73 + 62. Is c(-1) a composite number?
True
Let z = 2695 - -17832. Is z prime?
False
Let y = -27913 - -95770. Is y a composite number?
True
Suppose 5*h = -10, -8 = 31*x - 34*x - 2*h. Suppose -3*d = -7*d + 4*t + 22424, 0 = 5*d + x*t - 28057. Is d a composite number?
True
Let f(g) = -g**3 + 19*g**2 + 41*g + 25. Let l be f(21). Suppose -l*i = -a - 3359, 0*i = -3*i - 5*a + 2502. Is i prime?
True
Let q = 8226 + -2648. Is q prime?
False
Let a(f) = 2*f**3 + 5*f**2 - 4*f + 3. Let x be a(-12). Let p = x - -1472. Is p*(-3 + (-3 - -5)) composite?
False
Let g be 3*(-6)/9*1 - 45. Let m = 268 + g. Suppose 0 = -f + 86 + m. Is f composite?
False
Let s = 18688 - -11715. Is s a composite number?
False
Let f = 978251 + -306252. Is f a composite number?
False
Suppose 5 = h - 6. Let f(s) = -2*s**3 - 15*s**2 + 21*s - 7. Let y be f(h). Let v = y - -8872. Is v composite?
True
Let d be (3 + -6 - 1007)/(-2). Suppose d = 3*o - 1097. Is (o/12)/(1/2) a composite number?
False
Let z(d) = -11*d**2 - 73*d - 29. Let l(n) = -11*n**2 - 84*n - 28. Let o(u) = 5*l(u) - 6*z(u). Let c(p) = -8*p - 3. Let a be c(-2). Is o(a) a composite number?
True
Let p(m) = 296*m**2 + 5*m - 1. Let f = -59 - -31. Let r = f + 30. Is p(r) a composite number?
False
Suppose l + 3*m - 6 = 0, 0*l - 4*l - m + 2 = 0. Let d be 1808 + l + 4/2. Suppose -c = c - d. Is c prime?
False
Suppose 5*b + 120 = 4*z, 6*b + 4 = 7*b. Suppose z*h - 21*h = 75362. Is h a composite number?
True
Suppose 2*n = 6*f - 1229176 - 1121238, 4*n = -f + 391701. Is f a prime number?
True
Is (9/2)/(4/(-8)) + 209896 prime?
True
Suppose -25*y - 12883 = -2633. Let v(x) = -x**2 - 292. Let r be v(0). Let j = r - y. Is j prime?
False
Suppose 2147894 = 4*h + 5*m, 3*h - 169*m = -171*m + 1610917. Is h composite?
False
Let h = 7175 + -6985. Let f(y) = 149*y**3 - y**2 - 2*y - 1. Let t be f(-1). Let c = h - t. Is c composite?
True
Suppose -c + 2699 = -412. Suppose -20*d + 13*d = 7210. Let w = c + d. Is w a composite number?
False
Suppose 3*m + 3*m + 34518 = 0. Let q = m + 8334. Is q composite?
True
Let y be 7/14*5*-2. Let o(z) = -8*z + 13. Let g be o(y). Is (g - -2)*(1 - 0) a composite number?
True
Let y = -538 + 544. Suppose 0 = -5*r - 5*b + 19820, y*b - 7*b = -r + 3970. Is r prime?
True
Let k = -18298 + 50111. Is k prime?
False
Let z = -723 + 1464. Suppose -b + 1004 + z = 0. Is b prime?
False
Let r(v) = -v**3 + 3*v**2 - v + 5. Let i be r(3). Suppose -2*n - 102887 = -i*g - n, 0 = 2*g + 4*n - 102902. Is g a prime number?
False
Suppose 3*z = -3*q + 76155, 2*z = 3*q + 14336 + 36464. Is z a prime number?
True
Suppose -8*f + 22 = 3*f. Suppose -2*a + 9256 - 491 = 3*z, f*a + 11682 = 4*z. Is z a prime number?
False
Let r be (-36)/10*(-622 + 2). Suppose 49*u - 296 = -25*u. Suppose 0*i + 4*i - r = -u*v, -2*v = -4*i + 2202. Is i a composite number?
True
Let m = 11661 - -123926. Is m prime?
False
Let o = 4830 + -8637. Let l = 5608 + o. Is l composite?
False
Suppose -3*t - 4610 = 16030. Let o = t + 15547. Suppose -2*b + 3470 = 4*m, -7*b + 2*b = 2*m - o. Is b composite?
False
Let p(k) be the second derivative of -5/2*k**2 - 47/6*k**3 - 3*k + 0. Is p(-6) composite?
False
Let z(d) = -d**3 - 15*d**2 + 7*d - 6. Suppose 0 = -2*a + h - 5*h - 20, -5*a + 3*h = 24. Let f(u) = -u**2. Let i(o) = a*f(o) + z(o). Is i(-11) a prime number?
False
Suppose -3*p + 29*u = 30*u - 519005, 30*p - 5190036 = -3*u. Is p a prime number?
False
Let b be -6*(1 + 0)*(-4)/3. Suppose -b*g = -5*g + 4476. Is g/(-10) + 2/(-10) prime?
True
Let f(c) be the third derivative of 227*c**7/5040 - c**6/720 - c**5/12 + 7*c**2. Let l(r) be the third derivative of f(r). Is l(6) composite?
False
Let q(n) = 10*n**2 + 26*n + 3. Suppose 9 = 8*f - 55. Is q(f) a composite number?
True
Let d(l) = 277*l**2 - 3*l + 14. Let s be d(10). Let u be 3 + (2/(-4))/((-3)/s). Suppose -5*g + 3418 = -m - 1190, 5*g - u = 4*m. Is g a prime number?
False
Is (-114099755)/70*(-6)/33 a prime number?
True
Suppose -48 = -22*w + 10*w. Suppose 5*t + w*f - 13826 = 0, -5*t + f = -t - 11044. Is t a prime number?
False
Suppose 5 = 5*m - l - 15, -m - l - 2 = 0. Suppose -2*i + 0*i + 3302 = 2*a, -5*a = m*i - 8251. Is a a prime number?
False
Suppose 5*m = 2*o + 2*o - 2, -2*o + 2*m = -2. Suppose 5*x - o*u - 328 = 0, -162 = -5*x + 4*u + 162. Let r = 150 - x. Is r composite?
True
Let b(z) = 43*z - 4 + 27 + 9*z. Suppose 0 = 61*y - 1132 + 339. Is b(y) a prime number?
False
Let t = -13139 + 25016. Suppose -1961 = 4*y - t. Is y a prime number?
False
Let r = -19584 - -31597. Is r a composite number?
True
Let v be -735 + -1 - (-4)/(20/5). Let d = 1822 + v. Is d composite?
False
Suppose -4*n + 128 - 116 = 0. Suppose -4*j + 5*d = -18469, n*d = -6*j + 8*d + 27711. Is j prime?
True
Let r be 70/22 + (-9)/198*4. Let j = -351 + 750. Suppose -5*f + 1990 = 3*o, -2*o + j = r*f - 795. Is f prime?
False
Is 776054/6 + (704/33)/32 composite?
True
Let f = 157417 - -51742. Is f a composite number?
False
Is -2 - -149052 - 16 - -19 a prime number?
True
Let x = 3039 - 1747. Let p = x - 913. Is p prime?
True
Suppose 2 = 4*m - 10. Let c(y) = 2*y**2 - 2*y**m + 2*y - y + 7*y**3 - 4*y**3 + 213. Is c(0) a composite number?
True
Let p(w) = -w**3 - 11*w**2 + w + 15. Let a be p(-11). Suppose -3*x - 49487 = -4*f, -a*x = 4*f - 2*f - 24716. Is ((-8)/3)/4 + f/48 a prime number?
True
Suppose -117*l + 3*q = -115*l - 47864, -119645 = -5*l + 5*q. Is l a prime number?
False
Let o(f) = 104*f**2 - f + 425. Is o(36) a prime number?
True
Let j(n) be the second derivative of -n**4/12 + n**3/6 - n**2/2 - 19*n. Let m(s) = -18*s**2 - 7*s - 3. Let g(v) = 5*j(v) - m(v). Is g(-6) a prime number?
False
Suppose -14707 = -2*l - 4 + 186191. Is l a prime